te the highest common factor of u and h.
13
Let k(b) = 28 + 8*b + 4*b**2 + 0*b**2 + 0*b**2 - 3*b**2. Let f be k(-7). Calculate the greatest common factor of f and 3.
3
Let d = 1170 - 1016. What is the greatest common factor of 6 and d?
2
Let i = -3 + 5. Let m be (-52 - 2)*i/(-4). Calculate the greatest common factor of 3 and m.
3
Let t be 18 - (46/253 + 64/11). What is the highest common divisor of t and 96?
12
Let c(k) = -k**2 + 7*k + 16. Let b be c(7). Let l(i) = -5*i**3 + i**2 + i + 1. Let n be l(-1). Let a = b - n. What is the greatest common divisor of a and 20?
10
Suppose -4 = -s - 2. Let f = 17 - s. Let v = 13 - 7. Calculate the highest common factor of f and v.
3
Let c(i) = 7*i**2 - 3*i. Let l be c(-9). Suppose 4*j - l = -66. Calculate the greatest common factor of 44 and j.
44
Let b(g) = -109*g - 364. Let q be b(-4). Calculate the greatest common factor of 117 and q.
9
Let p be (-228)/5*135/(-36). What is the highest common factor of p and 9?
9
Let b = 34 + -34. Suppose 4*m + b*m = 24. Calculate the greatest common divisor of 6 and m.
6
Let s = 1298 + -1256. What is the highest common divisor of s and 189?
21
Suppose 2*y - 4*y = -68. Suppose -10*j + 98 + 152 = 0. Let v = y - j. Calculate the greatest common factor of 27 and v.
9
Suppose 5697 = 22*r + 21. Calculate the greatest common factor of 688 and r.
86
Suppose 3*f - 4*g - 18 = -g, -2*f + 15 = -3*g. Let j be (-2 + 76)/(3/6). Suppose f*q - 8 = j. What is the greatest common divisor of 13 and q?
13
Let m be ((-3)/(-6))/((-2)/(-72)). Let u be (-5)/(15/24) + 3. Let c = 11 + u. Calculate the highest common factor of m and c.
6
Suppose 0 = -5*t - y + 24, -3*t - 6 = -5*y + 2. What is the highest common factor of t and 100?
4
Suppose -5*w - 85 = 5*c, -w + c + 56 = -5*w. Let u be 31/5 + w/65. What is the highest common divisor of u and 6?
6
Let y(k) = -2*k**2 + 47*k - 91. Let f be y(13). What is the highest common factor of f and 130?
26
Let j(c) = -36*c - 535. Let i be j(-15). Suppose -110 = 3*f - 5*f. Calculate the highest common factor of f and i.
5
Let a be 2/((-12)/573*(-2)/4). Let s = a + -119. Calculate the greatest common factor of s and 8.
8
Suppose -15*m + 16*m = 17. Let h = -7 - -14. Suppose m = 8*l - h. What is the highest common factor of l and 3?
3
Suppose 2706 = 23*c + 10*c. What is the highest common factor of c and 1558?
82
Suppose -58 = 2*j - 3*j. Let f(r) = -2*r**2 + 39*r - 35. Let b be f(12). Calculate the highest common factor of b and j.
29
Suppose 4*i - 3025 + 2929 = 0. Calculate the highest common factor of i and 99.
3
Let g = 37 + -30. Calculate the greatest common divisor of g and 35.
7
Let t be (-12)/(-21) - ((-1164)/21 + -7). What is the highest common factor of t and 18?
9
Let u = -25 - -32. Suppose -2*z + u*z - 80 = 0. Calculate the greatest common factor of 48 and z.
16
Let i be -1*2/(-6) - 641315/(-705). What is the highest common factor of i and 28?
14
Suppose 0 = 2*h + 382 - 394. Calculate the greatest common divisor of h and 150.
6
Let n = -86 - -87. Calculate the highest common divisor of n and 31.
1
Suppose -5*h + 5*x = -420 - 600, -3*x = -5*h + 1030. Suppose 4*d = d + 57. Calculate the highest common divisor of d and h.
19
Suppose -78 + 0 = -2*u. Let j = u - 33. Calculate the greatest common factor of j and 6.
6
Suppose -g = 17*g - 738. Calculate the greatest common divisor of 2173 and g.
41
Suppose 3*a = -a - 2*z + 14, 2*a - 1 = -3*z. Suppose -3 = 5*l + 4*r, -3*r + r = a*l - 1. Suppose 8 = 3*m - 4. What is the greatest common factor of m and l?
1
Let o = 8 - 10. Let a = -3 - o. Let q(t) = -5*t - 1. Let g be q(a). What is the greatest common divisor of g and 2?
2
Suppose 2*q - 6*q - 120 = 0. Let n be q*(30/9)/(-5). Let x = -69 + 99. Calculate the greatest common factor of x and n.
10
Let n = -371 - -550. What is the highest common factor of 1 and n?
1
Let x = -92 + 128. What is the highest common divisor of x and 18?
18
Suppose 0 = 4*o + 71 - 455. Let h = 1663 - 1651. What is the greatest common factor of o and h?
12
Let y = 799 + -767. What is the greatest common factor of 24 and y?
8
Let r(m) = 19*m - 24*m - 21*m. Let w be r(-4). What is the greatest common divisor of 13 and w?
13
Let k(c) = 104*c + 102. Let i be k(3). What is the highest common factor of i and 18?
18
Let u be 42/(-4) - (-6)/4. Let a = u + 15. Suppose -11*i + a*i = -60. What is the greatest common factor of 108 and i?
12
Let u be 224/48 + (-2)/3. What is the greatest common factor of u and 28?
4
Let f be -1 - (-72)/45*(-5)/(-2). Let d be (1 - f)/(-12) + (-10744)/(-48). What is the greatest common factor of 56 and d?
56
Let j(r) = -r**2 + 10*r - 12. Let l be j(8). Let f be (-3)/1 - l/(-1). Let d(w) = w + 2. Let n be d(2). What is the highest common divisor of n and f?
1
Suppose x - 70 = -3*k, -4*x = -5*k + x + 130. Let r be 6/5*(2 - -28). What is the highest common divisor of k and r?
12
Let f be 2 + 22 - (-1 + 3). Suppose 0 = -w - 2*w. Suppose 132 = -w*r + 2*r. What is the highest common factor of r and f?
22
Let o(a) be the first derivative of 18*a**2 + 9*a - 50. Let z be o(1). What is the highest common factor of 75 and z?
15
Let a be (-57)/(((-1)/(-3))/(2/(-6))). Let q = 89 - a. Suppose 238 = 3*f + 2*w, -3*f - 4*w + 239 = -3*w. What is the greatest common factor of q and f?
16
Suppose 0 = 32*c - 36*c + 468. Suppose -6*q + 2*q + 52 = 0. Calculate the greatest common divisor of q and c.
13
Let b be (62/(-4) - -2) + 18/12. Let j be b*((-2 - 3) + 4). What is the greatest common factor of j and 42?
6
Let x(t) = 12*t**2 - 10*t**2 - 3*t**2 - 13 - 20*t. Let m be x(-19). Calculate the greatest common factor of 42 and m.
6
Let h = 972 - 962. Calculate the highest common factor of h and 305.
5
Suppose 0*g = -5*g + 5*b + 95, -7 = -g - 5*b. Let y = 530 + -377. What is the highest common factor of g and y?
17
Suppose 46*w - 12 = 44*w. Let y = w + 2. Let c(o) = -o**3 + o**2 - o + 2. Let r be c(-2). Calculate the greatest common factor of r and y.
8
Suppose -40 = s - 3*s - 2*k, -2*s - k + 37 = 0. Let g be -1 + 0 + -1 + 138. Calculate the highest common factor of s and g.
17
Let w(t) = t**3 - 11*t**2 - 10*t + 7. Let a be w(12). Let p = 26 - a. Let u be 2 + 2 - (p + 1). Calculate the greatest common factor of 4 and u.
4
Let q = -154 - -54. Let f be (160/q)/((-2)/5). Calculate the greatest common factor of 8 and f.
4
Let z = 265 + -191. Calculate the highest common factor of z and 37.
37
Let x(u) = -18*u**3 - 5*u**2 + 5*u + 4. Let p be x(-4). Suppose 9*c + 2*c = p. Calculate the highest common divisor of c and 24.
24
Suppose t - 44 = -40. Suppose -5*g = 4*f - 23 - 26, -f - t = 0. What is the greatest common divisor of 247 and g?
13
Let m(j) = j**2 - 11*j - 3. Let l be m(12). Calculate the highest common factor of 207 and l.
9
Suppose -10*v - 83 = 97. Let k = v - -27. What is the highest common factor of k and 15?
3
Suppose 0 = -b + 5*b + 5*l - 32, -4*b - 4*l + 32 = 0. Suppose 8 = 3*v + 2. What is the highest common divisor of v and b?
2
Let r = 984 + -980. Calculate the greatest common divisor of r and 54.
2
Suppose j - 60 = -5*j. Suppose -j*v - 20 = -15*v. Calculate the greatest common factor of 2 and v.
2
Let t be -7 + 1 - (-1540)/20. Calculate the greatest common factor of 497 and t.
71
Let x(d) = 2*d - 14. Let m be x(8). Suppose 11 = 5*u - 4. What is the highest common divisor of m and u?
1
Let j(o) = 5*o - 38. Let k be j(8). Suppose 3*y - 142 = k*w, w = -4*y - 0*w + 193. Calculate the highest common factor of y and 12.
12
Let b be ((-2)/6)/(3/(-9)). Let g(a) = -361*a**3 + a. Let q be g(b). Let p be 12/(-10)*q/27. Calculate the greatest common factor of p and 24.
8
Let n be (-5)/(14/8 - 2). Let c = -66 - -70. Calculate the highest common divisor of n and c.
4
Let x(t) = 647*t**3 + 5*t**2 - 3*t. Let c be x(1). Calculate the highest common divisor of 33 and c.
11
Let q be ((-9)/(-2))/((-6)/(-8)). Suppose y - q = 99. What is the highest common factor of y and 35?
35
Suppose 0 = 2*o + 4*v - 144, -2*o + 2*v + 38 = -94. What is the highest common divisor of o and 323?
17
Let q(l) = l**3 + 14*l**2 + 40*l + 63. Let m be q(-9). Calculate the highest common factor of 234 and m.
18
Suppose -3*g = -2*c - 384, 0 = 5*g + 4*c - 595 - 23. Calculate the greatest common factor of g and 54.
18
Suppose 6*g - 8